5 divide 19555341?
False
Does 1045 divide 614303250?
True
Does 5764 divide 3641003918?
False
Does 35 divide 1318839379?
False
Is 5 a factor of 21319183?
False
Is 175 a factor of 15844494?
False
Is 30 a factor of 182025770?
False
Is 101474997 a multiple of 1010?
False
Is 5631065 a multiple of 2365?
True
Does 1004 divide 207602100?
True
Is 18 a factor of 320867028?
True
Is 15 a factor of 102677580?
True
Does 485 divide 421084543?
False
Is 63655524 a multiple of 27?
True
Is 440 a factor of 38209773?
False
Is 98369850 a multiple of 1725?
True
Is 36 a factor of 870409800?
True
Is 9 a factor of 253760600?
False
Is 3052 a factor of 1277081932?
True
Does 71 divide 863292266?
True
Is 21 a factor of 53028081?
False
Is 3126054 a multiple of 2?
True
Is 21 a factor of 30319254?
True
Is 84 a factor of 24099115?
False
Is 34497104 a multiple of 1418?
True
Is 7 a factor of 206840988?
False
Is 97 a factor of 255131631?
True
Is 3051 a multiple of 339?
True
Is 135414262 a multiple of 3811?
False
Is 33 a factor of 818679695?
False
Does 13 divide 1196873?
False
Is 209688830 a multiple of 10?
True
Does 5 divide 138887358?
False
Is 53051838 a multiple of 3499?
True
Is 194570034 a multiple of 32?
False
Does 4 divide 494576168?
True
Does 43 divide 423183?
False
Is 1127 a factor of 3423355?
False
Does 428 divide 3514806?
False
Is 1874 a factor of 459885222?
True
Does 6 divide 121196928?
True
Is 5567677500 a multiple of 4092?
True
Does 536 divide 63093096?
True
Does 36 divide 62733240?
True
Is 451 a factor of 1614177?
False
Does 1747 divide 48902739?
False
Is 1647 a factor of 139941931?
False
Is 11 a factor of 289820834?
False
Is 178 a factor of 7887536?
True
Is 19763001 a multiple of 34?
False
Does 156 divide 325463736?
True
Does 3187 divide 935107231?
True
Does 21 divide 116467890?
True
Is 22349184 a multiple of 22?
True
Does 20 divide 3349882?
False
Is 449 a factor of 7026857?
False
Does 52 divide 8521269?
False
Is 13 a factor of 160058626?
True
Is 1331148 a multiple of 39?
True
Is 25 a factor of 209689400?
True
Does 833 divide 222245379?
False
Does 5 divide 10145620?
True
Is 12617520 a multiple of 691?
False
Is 184827890 a multiple of 13?
True
Does 754 divide 978604704?
False
Does 30 divide 7256058?
False
Is 23 a factor of 342503332?
False
Does 1044 divide 16573987?
False
Does 1263 divide 23572762?
False
Is 112 a factor of 128518880?
True
Does 6906 divide 635220786?
True
Is 15 a factor of 93046605?
True
Is 2031074 a multiple of 107?
True
Is 92552572 a multiple of 3?
False
Is 1056 a factor of 109008292?
False
Does 13 divide 39880139?
True
Is 30 a factor of 3391123?
False
Is 93 a factor of 1737984?
True
Is 1862 a factor of 801290043?
False
Is 62295870 a multiple of 273?
True
Is 93 a factor of 139001520?
True
Is 44 a factor of 143493481?
False
Is 120 a factor of 7469479?
False
Is 72 a factor of 1044238824?
True
Does 8 divide 30803336?
True
Is 240 a factor of 119867834?
False
Is 1128 a factor of 20282568?
True
Is 105918820 a multiple of 193?
False
Does 13 divide 137531441?
False
Does 323 divide 1103368?
True
Is 91580666 a multiple of 1043?
False
Does 3 divide 13861923?
True
Is 201792543 a multiple of 2144?
False
Does 26 divide 37733732?
False
Does 26 divide 2863660188?
False
Does 29 divide 3105848409?
True
Is 391 a factor of 1090550368?
False
Is 13 a factor of 10413527?
False
Does 4 divide 482303691?
False
Does 69 divide 11630912?
False
Is 54394699 a multiple of 738?
False
Is 51 a factor of 11039715?
True
Does 5 divide 1701524?
False
Is 3889598988 a multiple of 492?
True
Is 12267590 a multiple of 485?
True
Does 4 divide 533498460?
True
Is 583608708 a multiple of 474?
True
Does 1938 divide 28087910?
False
Does 37 divide 830103954?
True
Does 11 divide 1031076?
False
Is 7566533 a multiple of 30?
False
Is 1347639504 a multiple of 1061?
False
Is 16431435 a multiple of 7?
False
Does 14 divide 1203777764?
True
Is 101 a factor of 22853072?
False
Is 219594580 a multiple of 5?
True
Is 455 a factor of 13444061?
False
Does 149 divide 10624935?
False
Does 162 divide 800233020?
True
Is 94 a factor of 182935562?
True
Is 30 a factor of 230615862?
False
Does 10 divide 1758109260?
True
Does 249 divide 21105987?
True
Is 142 a factor of 977244?
True
Is 204 a factor of 478220472?
True
Does 5971 divide 745493099?
False
Does 709 divide 94558007?
False
Does 73 divide 93617875?
False
Does 32 divide 410426684?
False
Is 83336202 a multiple of 1062?
True
Is 56 a factor of 193985512?
True
Does 504 divide 422793504?
True
Does 6 divide 705690?
True
Is 80256531 a multiple of 128?
False
Is 203 a factor of 167824566?
True
Is 3692710109 a multiple of 193?
True
Does 98 divide 2312511586?
True
Is 1067032611 a multiple of 30?
False
Does 107 divide 20962399?
False
Does 5 divide 856935520?
True
Is 21 a factor of 103932108?
True
Does 18 divide 287988084?
True
Is 13574615 a multiple of 5?
True
Does 39 divide 354711474?
True
Does 1778 divide 112806988?
True
Does 9 divide 6992678475?
True
Does 5 divide 13775001?
False
Does 2385 divide 1204480866?
False
Is 208381974 a multiple of 1185?
False
Is 5595 a factor of 962479875?
True
Is 29 a factor of 78289570?
False
Does 61 divide 13097249?
True
Does 6 divide 9035387?
False
Is 196 a factor of 56456820?
True
Does 17 divide 315794830?
False
Does 7 divide 9419066?
False
Does 940 divide 911538237?
False
Is 1911 a factor of 273373279?
False
Is 2149 a factor of 19089567?
True
Is 5283 a factor of 890456523?
False
Does 274 divide 4533338409?
False
Does 40 divide 50144213?
False
Does 14 divide 21360484?
False
Does 101 divide 4094716?
False
Is 5480 a factor of 497995700?
False
Is 51690880 a multiple of 1230?
False
Is 161 a factor of 114897167?
True
Is 19 a factor of 68854803?
True
Is 26243647 a multiple of 12?
False
Is 227 a factor of 14978141?
True
Is 204 a factor of 722445192?
True
Is 1586367408 a multiple of 1616?
True
Is 792 a factor of 341909656?
False
Does 11 divide 59953982?
True
Is 26637504 a multiple of 13?
False
Does 10 divide 11808682?
False
Does 667 divide 338666582?
True
Is 76983668 a multiple of 38?
True
Is 18 a factor of 900151290?
True
Is 22501530 a multiple of 313?
False
Does 4860 divide 162087157?
False
Is 34 a factor of 5267972?
False
Is 1515362355 a multiple of 51?
False
Is 481 a factor of 486711282?
False
Is 14 a factor of 759947534?
False
Does 494 divide 96131856?
False
Is 55331638 a multiple of 100?
False
Is 226153685 a multiple of 1498?
False
Is 42 a factor of 48285678?
True
Is 19405649 a multiple of 2548?
False
Is 49652976 a multiple of 12?
True
Is 729 a factor of 877612135?
False
Is 64506566 a multiple of 131?
False
Is 1246 a factor of 93740097?
False
Does 71 divide 17899327?
False
Does 45 divide 75551895?
True
Is 7177971 a multiple of 638?
False
Is 2561 a factor of 97645808?
True
Is 14 a factor of 128778454?
True
Is 23573984 a multiple of 58?
True
Is 44518693 a multiple of 221?
False
Is 20120304 a multiple of 74?
True
Does 5 divide 18149713?
False
Is 2641978725 a multiple of 5725?
True
Is 9085631 a multiple of 455?
False
Does 428 divide 1555793268?
True
Does 50 divide 485156?
False
Is 3903122639 a multiple of 303?
False
Is 4304974934 a multiple of 5373?
False
Does 384 divide 126349675?
False
Is 456 a factor of 5426426?
False
Is 15434974 a multiple of 87?
False
Does 244 divide 35312224?
False
Is 185989854 a multiple of 362?
False
Is 39 a factor of 518299704?
True
Is 110410350 a multiple of 3450?
True
Is 15 a factor of 56697751?
False
Does 74 divide 620726874?
True
Does 6 divide 499749?
False
Does 16 divide 3298448?
True
Is 423 a factor of 275014719?
True
Does 248 divide 259776943?
False
Is 842857110 a multiple of 9?
True
Does 493 divide 5276190?
False
Is 50471329 a multiple of 8?
False
Is 2593182520 a multiple of 1828?
True
Is 26936805 a multiple of 497?
False
Is 3767914 a multiple of 50?
False
Is 23165577 a multiple of 153?
True
Is 590610125 a multiple of 287?
True
Is 23 a factor of 362367645?
True
Is 4 a factor of 1126440?
True
Does 837 divide 41630949?
False
Is 1945 a factor of 124414195?
False
Does 15 divide 11747895?
True
Does 24 divide 808200888?
True
Is 342 a factor of 8061282?
True
Is 246 a factor of 12354500?
False
Is 5 a factor of 158658443?
False
Is 12 a factor of 122353812?
True
Does 10 divide 2691510725?
False
Is 48 a factor of 197659665